{"id":29679,"date":"2025-11-25T10:51:17","date_gmt":"2025-11-25T10:51:17","guid":{"rendered":"https:\/\/nomarcasestilo.com\/?page_id=29679"},"modified":"2025-11-25T11:34:53","modified_gmt":"2025-11-25T11:34:53","slug":"politica-de-privacidad-2","status":"publish","type":"page","link":"https:\/\/nomarcasestilo.com\/?page_id=29679","title":{"rendered":"POL\u00cdTICA DE PRIVACIDAD"},"content":{"rendered":"\n\n\n<div style=\"height:100px\" aria-hidden=\"true\" class=\"wp-block-spacer\"><\/div>\n\n\n\n<h3 class=\"wp-block-heading has-text-align-center\">POL\u00cdTICA DE PRIVACIDAD<\/h3>\n\n\n\n<div style=\"height:100px\" aria-hidden=\"true\" class=\"wp-block-spacer\"><\/div>\n\n\n\n<p>Tu privacidad es importante para nomarcasestilo.com . En esta declaraci\u00f3n de privacidad se explica que datos personales recopilamos de nuestros usuarios y como los utilizamos. Te animamos a leer detenidamene estos t\u00e9rminos antes de facilitar tus datos personales en esta web. Los mayores de 14 a\u00f1os podr\u00e1n usar cualquier funcionalidad donde se ofrezcan datos privados sin el previo consentimiento de sus padres o tutores.<\/p>\n\n\n\n<p>En el caso de los menores de 14 a\u00f1os se requiere el consentimiento de los padres o tutores para el tratamiento de sus datos personales.<\/p>\n\n\n\n<p>En ning\u00fan caso se recabar\u00e1n del menor de edad datos relativos a la situaci\u00f3n profesional, econ\u00f3mica o a la intimidad de los otros miembros de la familia, sin el consentimiento de \u00e9stos.<\/p>\n\n\n\n<p>Si eres menor de 14 a\u00f1os y has accedido a este sitio web sin avisar a tus padres no debes compartir ninguna informacion personal.<\/p>\n\n\n\n<p>En esta web se respetan y cuidan los datos personales de los usuarios. Como usuario debes saber que tus derechos est\u00e1n garantizados.<\/p>\n\n\n\n<p>Rediperoficial.com ha adecuado esta web a las exigencias del Reglamento (UE) 2016\/679 del Parlamento Europeo y del Consejo de 27 de abril de 2016 relativo a la protecci\u00f3n de las personas f\u00edsicas (RGDP), la Ley Org\u00e1nica 3\/2018 de 5 de diciembre, de Protecci\u00f3n de Datos Personales y garant\u00eda de los derechos digitales (LOPDGDD), as\u00ed como la Ley 34\/2002, de 11 de julio, de Servicios de la Sociedad de la Informaci\u00f3n y Comercio Electr\u00f3nico (LSSICE O LSSI).<\/p>\n\n\n\n<div style=\"height:50px\" aria-hidden=\"true\" class=\"wp-block-spacer\"><\/div>\n\n\n\n<p><strong>Responsable del tratamiento de tus datos personales<\/strong><\/p>\n\n\n\n<ul class=\"wp-block-list\">\n<li>Identidad del responsable: Juan Antonio Alarc\u00f3n G\u00f3mez<\/li>\n\n\n\n<li>Nombre comercial: nomarcasestilo.com<\/li>\n\n\n\n<li>Nif\/Cif: 77152059 P<\/li>\n\n\n\n<li>Direcci\u00f3n: Calle Mendez N\u00fa\u00f1ez 17, Almer\u00eda, Andaluc\u00eda, Espa\u00f1a<\/li>\n\n\n\n<li>Correo electr\u00f3nico:\u00a0<a href=\"mailto:rediperoficial@gmail.com\">nomarcasestilo2018@gmail.com<\/a><\/li>\n<\/ul>\n\n\n\n<div style=\"height:50px\" aria-hidden=\"true\" class=\"wp-block-spacer\"><\/div>\n\n\n\n<p><strong>\u00bfC\u00f3mo hemos obtenido tus datos?<\/strong><\/p>\n\n\n\n<ul class=\"wp-block-list\">\n<li>Formulario de contacto<\/li>\n\n\n\n<li>Formulario de suscripci\u00f3n<\/li>\n\n\n\n<li>Comentario en los Posts<\/li>\n\n\n\n<li>Formulario de ventas<\/li>\n<\/ul>\n\n\n\n<div style=\"height:50px\" aria-hidden=\"true\" class=\"wp-block-spacer\"><\/div>\n\n\n\n<p><strong>\u00bf<\/strong><strong>C<\/strong><strong>u\u00e1les son tus derechos cuando nos facilitas tus datos?<\/strong><\/p>\n\n\n\n<p>Cualquier persona tiene derecho a obtener confirmaci\u00f3n sobre si en rediperoficial.com estamos tratando sus datos personales.<\/p>\n\n\n\n<ul class=\"wp-block-list\">\n<li>Solicitar el acceso a los datos personales relativos al interesado<\/li>\n\n\n\n<li>Solicitar su rectificaci\u00f3n o supresi\u00f3n<\/li>\n\n\n\n<li>Solicitar la limitaci\u00f3n de su tratamiento<\/li>\n\n\n\n<li>Oponerse al tratamiento<\/li>\n\n\n\n<li>Solicitar la portabilidad de los datos<\/li>\n<\/ul>\n\n\n\n<p>Los interesados podr\u00e1n acceder a sus datos personales, as\u00ed como a solicitar la rectificaci\u00f3n de los datos inexactos o, en su caso, solicitar su supresi\u00f3n cuando, entre otros motivos, los datos ya no sean necesarios para los fines que fueron recogidos. En determinadas circunstancias, los interesados podr\u00e1n solicitar la limitaci\u00f3n del tratamiento de sus datos, en cuyo caso \u00fanicamente los conservar\u00e9 para el ejercicio o la defensa de reclamaciones.<\/p>\n\n\n\n<p>Al ejercer tu derecho a la portabilidad de los datos, tendr\u00e1s derecho a que los datos personales se transmitan directamente de responsable a responsable cuando sea t\u00e9cnicamente posible.<\/p>\n\n\n\n<p>Los interesados tambi\u00e9n tendr\u00e1n derecho a la tutela judicial efectiva y a presentar una reclamaci\u00f3n ante la autoridad de control, en este caso, la Agencia Espa\u00f1ola de Protecci\u00f3n de Datos, si consideran que el tratamiento de datos personales que le conciernen infringe el Reglamento.<\/p>\n\n\n\n<div style=\"height:50px\" aria-hidden=\"true\" class=\"wp-block-spacer\"><\/div>\n\n\n\n<p><strong>\u00bf<\/strong><strong>C<\/strong><strong>o<\/strong><strong>n qu\u00e9 finalidad tratamos tus datos personales<\/strong><strong>?<\/strong><\/p>\n\n\n\n<p>Cuando un usuario se conecta con esta web por ejemplo para comentar un post, mandar un correo el titular, suscribirse o realizar alguna contrataci\u00f3n, est\u00e1 facilitando informaci\u00f3n de car\u00e1cter personal de la que es responsable\u00a0<em>nomarcasestilo.com<\/em>. Esa informaci\u00f3n puede incluir datos de car\u00e1cter personal como pueden ser tu direcci\u00f3n IP, nombre, direcci\u00f3n f\u00edsica, direcci\u00f3n de correo electr\u00f3nico, n\u00famero de tel\u00e9fono, y otra informaci\u00f3n. Al facilitar esta informaci\u00f3n, el usuario da su consentimiento para que su informaci\u00f3n sea recopilada, utilizada, gestionada y almacenada por\u00a0<em>nomarcasestilo.com\u00a0<\/em>s\u00f3lo como se describe en el Aviso Legal y en la presente Pol\u00edtica de Privacidad.<\/p>\n\n\n\n<p>En nomarcasestilo.com existen diferentes sistemas de captura de informaci\u00f3n personal y trato la informaci\u00f3n que nos facilitan las personas interesadas con el siguiente fin con cada sistema de captura (formularios):<\/p>\n\n\n\n<ul class=\"wp-block-list\">\n<li>Formulario de contacto: La finalidad es mantener la comunicaci\u00f3n objeto del propio asunto indicado en el formulario de contacto.<\/li>\n\n\n\n<li>Formulario de suscripci\u00f3n: La finalidad es informar acerca de asuntos tanto comerciales como no comerciales.<\/li>\n\n\n\n<li>Comentarios en los posts: La finalidad es mostrar informaci\u00f3n sobre el comentario al resto de usuarios visitantes, adem\u00e1s de permitir la comunicaci\u00f3n o alertas en caso de as\u00ed elegirse por el usuario.<\/li>\n\n\n\n<li>Formulario de venta: La finalidad es comenzar la actividad comercial determinada en el formulario en cuesti\u00f3n, que proseguir\u00e1 v\u00eda correo electr\u00f3nico.<\/li>\n<\/ul>\n\n\n\n<p>Existen otras finalidades por la que tratamos tus datos personales:<\/p>\n\n\n\n<ul class=\"wp-block-list\">\n<li>Para garantizar el cumplimiento de las condiciones de uso y la ley aplicable. Esto puede incluir el desarrollo de herramientas y algoritmos que ayudan a esta web a garantizar la confidencialidad de los datos personales que recoge.<\/li>\n\n\n\n<li>Para apoyar y mejorar los servicios que ofrece esta web.<\/li>\n\n\n\n<li>Tambi\u00e9n se recogen otros datos no identificativos que se obtienen mediante algunas cookies que descargan en el ordenador del usuario cuando navega en esta web que detallo en la pol\u00edtica de cookies.<\/li>\n\n\n\n<li>Para gestiones las redes sociales. rediperoficial.com puede tener presencia en redes sociales. El tratamiento de los datos que se lleve a cabo de las personas que se hagan seguidoras en las redes sociales de las p\u00e1ginas oficiales rediperoficial.com se regir\u00e1 por este apartado. As\u00ed como por aquellas condiciones de uso, pol\u00edticas de privacidad y normativas de acceso que pertenezcan a la red social que proceda en cada caso y aceptadas previamente por el usuario de rediperoficial.com . Tratar\u00e1 sus datos con las finalidades de administrar correctamente su presencia en la red social, informando de actividades, productos o servicios de rediperoficial.com. As\u00ed como para cualquier otra finalidad que las normativas de las redes sociales permitan. En ning\u00fan caso utilizaremos los perfiles de seguidores en redes sociales para enviar publicidad de manera individual.<\/li>\n<\/ul>\n\n\n\n<p>Rediperoficial.com, no vende, alquila ni cede datos de car\u00e1cter personal que puedan identificar al usuario, ni lo har\u00e1 en el futuro, a terceros sin el consentimiento previo. Sin embargo, en algunos casos se pueden realizar colaboraciones con otros profesionales, en esos casos, se requerir\u00e1 consentimiento a los usuarios informando sobre la identidad del colaborador y la finalidad de la colaboraci\u00f3n. Siempre se realizar\u00e1 con los m\u00e1s estrictos estand\u00e1res de seguridad.<\/p>\n\n\n\n<div style=\"height:50px\" aria-hidden=\"true\" class=\"wp-block-spacer\"><\/div>\n\n\n\n<p><strong>Legitimaci\u00f3n para el tratamiento de tus datos<\/strong><\/p>\n\n\n\n<p>La base legal para el tratamiento de sus datos es: el consentimiento.<\/p>\n\n\n\n<p>Para contactar o realizar comentarios en esta web se requiere el consentimiento con esta pol\u00edtica de privacidad.<\/p>\n\n\n\n<p>La oferta prospectiva o comercial de productos y servicios est\u00e1 basada en el consentimiento que se le solicita, sin que ning\u00fan caso la retirada de consentimiento condicione la ejecuci\u00f3n de suscripci\u00f3n.<\/p>\n\n\n\n<p>Tambi\u00e9n la contrataci\u00f3n de productos y servicios seg\u00fan los t\u00e9rminos y condiciones que constan en el aviso legal.<\/p>\n\n\n\n<div style=\"height:50px\" aria-hidden=\"true\" class=\"wp-block-spacer\"><\/div>\n\n\n\n<p><strong>C<\/strong><strong>ategor\u00eda&nbsp;<\/strong><strong>de datos<\/strong><\/p>\n\n\n\n<p>La categor\u00eda de datos que se tratan son datos identificativos.<\/p>\n\n\n\n<p>No se tratan categor\u00edas de datos especialmente protegidos (revisar si no es as\u00ed para poder hacerlo bien).<\/p>\n\n\n\n<div style=\"height:50px\" aria-hidden=\"true\" class=\"wp-block-spacer\"><\/div>\n\n\n\n<p><strong>\u00bfPor cu\u00e1nto tiempo conservaremos tus<\/strong><strong>&nbsp;datos?<\/strong><\/p>\n\n\n\n<p>Los datos personales proporcionados se conservar\u00e1n:<\/p>\n\n\n\n<ul class=\"wp-block-list\">\n<li>Mientras se mantenga la relaci\u00f3n mercantil.<\/li>\n\n\n\n<li>Hasta que no se solicite su supresi\u00f3n por el interesado.<\/li>\n\n\n\n<li>Periodo a partir de la \u00faltima confirmaci\u00f3n de inter\u00e9s: 1 a\u00f1o.<\/li>\n<\/ul>\n\n\n\n<div style=\"height:50px\" aria-hidden=\"true\" class=\"wp-block-spacer\"><\/div>\n\n\n\n<p><strong>\u00bf<\/strong><strong>A qu\u00e9 destinatario se comunicar\u00e1n<\/strong><strong>&nbsp;tus<\/strong><strong>&nbsp;datos?<\/strong><\/p>\n\n\n\n<p>Muchas herramientas que utilizamos para gestionar tus datos son contratados por terceros.<\/p>\n\n\n\n<p>Para prestar servicios estrictamente necesarios para el desarrollo de la actividad, rediperoficial.com comparte datos con los siguientes prestadores bajo su correspondientes condiciones de privacidad:<\/p>\n\n\n\n<div style=\"height:50px\" aria-hidden=\"true\" class=\"wp-block-spacer\"><\/div>\n\n\n\n<p><strong>Secreto y seguridad de los datos<\/strong><\/p>\n\n\n\n<p>Rediperoficial.com se compromete en el uso y tratamiento de los datos incluidos personales de los usuarios, respetando su confidencialidad y a utilizarlos de acuerdo con la finalidad del mismo, as\u00ed como a dar cumplimiento a su obligaci\u00f3n de guardarlos y adaptar todas las medidas para evitar la alteraci\u00f3n, p\u00e9rdida, tratamiento o acceso no autorizado, de conformidad con lo establecido en la normativa vigente de protecci\u00f3n de datos.<\/p>\n\n\n\n<p>Esta web incluye un certificado SSL. Se trata de un protocolo de seguridad que hace que tus datos viajen de manera \u00edntegra y segura, es decir, la transmisi\u00f3n de los datos entre un servidor y usuarios web, y en retroalimentaci\u00f3n, es totalmente cifrada o encriptada.<\/p>\n\n\n\n<p>Rediperoficial.com no puede garantizar la absoluta inexpugnabilidad de la red internet y por tanto la violanci\u00f3n de los datos medianto accesos fraudulentos a ellos por parte de terceros.<\/p>\n\n\n\n<p>Con respercto a la confidencialidad del procesamiento, rediperoficial.com se asegurar\u00e1 de que cualquier persona que est\u00e9 autorizada por rediperoficial.com para procesar los datos del cliente (incluido su personal, colaboradores y prestadores), estar\u00e1 bajo la obligaci\u00f3n apropiada de confidencialidad (ya sea un deber contractual o legal).<\/p>\n\n\n\n<p>Cuando se presente alg\u00fan incidente de seguridad, al darse cuenta rediperoficial.com, deber\u00e1 notificar al Cliente sin demoras indebidas y deber\u00e1 proporcionar informaci\u00f3n oportuna relacionada con el incidente de Seguridad tal como se conozca o cuando el Cliente lo solicite razonablemente.<\/p>\n\n\n\n<div style=\"height:50px\" aria-hidden=\"true\" class=\"wp-block-spacer\"><\/div>\n\n\n\n<p><strong>Exactitud y veracidad de los datos<\/strong><\/p>\n\n\n\n<p>Como usuario, eres el \u00fanico responsable de la veracidad y correcci\u00f3n de los datos que remitas a rediperoficial.com exonerando a rediperoficial.com, de cualquier responsabilidad al respecto.<\/p>\n\n\n\n<p>Los usuarios garantizan y responden, en cualquier caso, de la exactitud, vigencia y autenticidad de los datos personales facilitados, y se compromenten a mantenerlos debidamente actualizados. El usuario acepta proporcionar informaci\u00f3n completa y correcta en el formulario de contacto o suscripci\u00f3n.<\/p>\n\n\n\n<div style=\"height:50px\" aria-hidden=\"true\" class=\"wp-block-spacer\"><\/div>\n\n\n\n<p><strong>Aceptaci\u00f3n y consentimiento<\/strong><\/p>\n\n\n\n<p>El usuario declara haber sido informado de las condiciones sobre protecci\u00f3n de datos de car\u00e1cter personal, aceptando y consintiendo el tratamiento de los mismos por parte de rediperoficial.com, en la forma y para las finalidades indicadas en esta pol\u00edtica de privacidad.<\/p>\n\n\n\n<div style=\"height:50px\" aria-hidden=\"true\" class=\"wp-block-spacer\"><\/div>\n\n\n\n<h5 class=\"wp-block-heading\">Revocabilidad<\/h5>\n\n\n\n<p>El consentimiento prestado, tanto para el tratamiento como para la cesi\u00f3n de los datos de los interesaados, es revocable en cualquier momento comunic\u00e1ndolo a rediperoficial.com en los t\u00e9rminos establecidos en esta Pol\u00edtica para el ejercicio de los derechos ARCO. Esta revocaci\u00f3n en ning\u00fan caso tendr\u00e1 car\u00e1cter retroactivo.<\/p>\n\n\n\n<div style=\"height:50px\" aria-hidden=\"true\" class=\"wp-block-spacer\"><\/div>\n\n\n\n<p><strong>Cambios en la pol\u00edtica de privacidad<\/strong><\/p>\n\n\n\n<p>Rediperoficial.com se reserva el derecho a modificar la presente pol\u00edtica para adaptarla a novedades legislativas o jurisprudenciales, as\u00ed como a pr\u00e1cticas de la industria. En dichos supuestos, nomarcasestilo.com anunciar\u00e1 en esta p\u00e1gina los cambios introducidos con razonable antelaci\u00f3n a su puesta en pr\u00e1ctica.<\/p>\n\n\n\n<p><\/p>\n","protected":false},"excerpt":{"rendered":"<p>POL\u00cdTICA DE PRIVACIDAD Tu privacidad es importante para nomarcasestilo.com . En esta declaraci\u00f3n de privacidad se explica que datos personales recopilamos de nuestros usuarios y como los utilizamos. Te animamos a leer detenidamene estos t\u00e9rminos antes de facilitar tus datos personales en esta web. Los mayores de 14 a\u00f1os podr\u00e1n usar cualquier funcionalidad donde se [&#8230;]\n","protected":false},"author":1,"featured_media":0,"parent":0,"menu_order":0,"comment_status":"closed","ping_status":"closed","template":"","meta":{"footnotes":""},"class_list":["post-29679","page","type-page","status-publish","hentry"],"aioseo_notices":[],"jetpack_sharing_enabled":true,"_links":{"self":[{"href":"https:\/\/nomarcasestilo.com\/index.php?rest_route=\/wp\/v2\/pages\/29679","targetHints":{"allow":["GET"]}}],"collection":[{"href":"https:\/\/nomarcasestilo.com\/index.php?rest_route=\/wp\/v2\/pages"}],"about":[{"href":"https:\/\/nomarcasestilo.com\/index.php?rest_route=\/wp\/v2\/types\/page"}],"author":[{"embeddable":true,"href":"https:\/\/nomarcasestilo.com\/index.php?rest_route=\/wp\/v2\/users\/1"}],"replies":[{"embeddable":true,"href":"https:\/\/nomarcasestilo.com\/index.php?rest_route=%2Fwp%2Fv2%2Fcomments&post=29679"}],"version-history":[{"count":11,"href":"https:\/\/nomarcasestilo.com\/index.php?rest_route=\/wp\/v2\/pages\/29679\/revisions"}],"predecessor-version":[{"id":29695,"href":"https:\/\/nomarcasestilo.com\/index.php?rest_route=\/wp\/v2\/pages\/29679\/revisions\/29695"}],"wp:attachment":[{"href":"https:\/\/nomarcasestilo.com\/index.php?rest_route=%2Fwp%2Fv2%2Fmedia&parent=29679"}],"curies":[{"name":"wp","href":"https:\/\/api.w.org\/{rel}","templated":true}]}}